ivided by 15.
12
Calculate the remainder when 3751 is divided by 2569.
1182
What is the remainder when 346065 is divided by 560?
545
Calculate the remainder when 19683 is divided by 204.
99
Calculate the remainder when 31376 is divided by 12.
8
Calculate the remainder when 23183 is divided by 22.
17
What is the remainder when 1807 is divided by 519?
250
Calculate the remainder when 4509 is divided by 7.
1
Calculate the remainder when 80332 is divided by 543.
511
What is the remainder when 588 is divided by 74?
70
Calculate the remainder when 24814 is divided by 132.
130
Calculate the remainder when 2326 is divided by 962.
402
What is the remainder when 9789 is divided by 38?
23
What is the remainder when 15337 is divided by 11?
3
What is the remainder when 21036 is divided by 239?
4
Calculate the remainder when 18474 is divided by 9233.
8
What is the remainder when 45256 is divided by 45252?
4
What is the remainder when 92467 is divided by 272?
259
What is the remainder when 30259 is divided by 722?
657
What is the remainder when 16223 is divided by 144?
95
What is the remainder when 47313 is divided by 9460?
13
Calculate the remainder when 309271 is divided by 268.
267
Calculate the remainder when 45933 is divided by 2692.
169
What is the remainder when 16528 is divided by 359?
14
Calculate the remainder when 75050 is divided by 93.
92
What is the remainder when 58122 is divided by 1588?
954
Calculate the remainder when 1226185 is divided by 88.
81
What is the remainder when 192502 is divided by 8750?
2
What is the remainder when 2374 is divided by 2174?
200
Calculate the remainder when 9640 is divided by 506.
26
What is the remainder when 15064 is divided by 1159?
1156
Calculate the remainder when 8215 is divided by 2047.
27
Calculate the remainder when 507 is divided by 80.
27
Calculate the remainder when 19818 is divided by 17.
13
What is the remainder when 150534 is divided by 29?
24
What is the remainder when 33336 is divided by 928?
856
What is the remainder when 380758 is divided by 1499?
12
Calculate the remainder when 18020 is divided by 17138.
882
What is the remainder when 1116 is divided by 546?
24
Calculate the remainder when 1813 is divided by 900.
13
What is the remainder when 633248 is divided by 25?
23
What is the remainder when 777403 is divided by 578?
571
Calculate the remainder when 5265647 is divided by 54.
53
Calculate the remainder when 3745 is divided by 517.
126
Calculate the remainder when 34001 is divided by 17.
1
What is the remainder when 7174 is divided by 375?
49
Calculate the remainder when 8685 is divided by 30.
15
Calculate the remainder when 220279 is divided by 44053.
14
What is the remainder when 21444 is divided by 238?
24
Calculate the remainder when 134503 is divided by 147.
145
Calculate the remainder when 4156 is divided by 1691.
774
Calculate the remainder when 22799 is divided by 950.
949
Calculate the remainder when 40541 is divided by 435.
86
What is the remainder when 3435 is divided by 218?
165
What is the remainder when 107685 is divided by 19?
12
Calculate the remainder when 9163 is divided by 69.
55
Calculate the remainder when 5662 is divided by 135.
127
Calculate the remainder when 6372 is divided by 910.
2
What is the remainder when 173611 is divided by 57?
46
What is the remainder when 17525 is divided by 158?
145
Calculate the remainder when 12137 is divided by 651.
419
Calculate the remainder when 4006 is divided by 4006.
0
What is the remainder when 1187 is divided by 1153?
34
Calculate the remainder when 1774 is divided by 399.
178
What is the remainder when 1182 is divided by 74?
72
Calculate the remainder when 72251 is divided by 108.
107
Calculate the remainder when 600 is divided by 413.
187
What is the remainder when 4682 is divided by 69?
59
Calculate the remainder when 492150 is divided by 49214.
10
What is the remainder when 8187 is divided by 182?
179
What is the remainder when 237598 is divided by 27?
25
What is the remainder when 9162 is divided by 31?
17
Calculate the remainder when 33614 is divided by 748.
702
What is the remainder when 6200115 is divided by 57?
54
Calculate the remainder when 4405 is divided by 200.
5
What is the remainder when 8506 is divided by 1648?
266
Calculate the remainder when 97418 is divided by 39.
35
What is the remainder when 3285 is divided by 1084?
33
Calculate the remainder when 833 is divided by 497.
336
Calculate the remainder when 45216 is divided by 84.
24
Calculate the remainder when 26197 is divided by 633.
244
What is the remainder when 252118 is divided by 28012?
10
What is the remainder when 58603 is divided by 182?
181
What is the remainder when 1909796 is divided by 60?
56
What is the remainder when 535092 is divided by 634?
630
What is the remainder when 1277 is divided by 114?
23
What is the remainder when 69469 is divided by 208?
205
Calculate the remainder when 1958 is divided by 71.
41
Calculate the remainder when 655112 is divided by 243.
227
What is the remainder when 73523 is divided by 17?
15
What is the remainder when 216171 is divided by 36?
27
What is the remainder when 381431 is divided by 669?
101
What is the remainder when 556 is divided by 164?
64
What is the remainder when 30566 is divided by 1179?
1091
Calculate the remainder when 488723 is divided by 173.
171
Calculate the remainder when 1426134 is divided by 602.
598
Calculate the remainder when 14531 is divided by 13.
10
Calculate the remainder when 35399 is divided by 1041.
5
Calculate the remainder when 7755 is divided by 1106.
13
What is the remainder when 102522 is divided by 67?
12
Calculate the remainder when 29068 is divided by 90.
88
What is the remainder when 85733 is divided by 22?
21
Calculate the remainder when 285393 is divided by 55.
53
What is the remainder when 21710 is divided by 442?
52
What is the remainder when 546599 is divided by 273292?
15
Calculate the remainder when 1695 is divided by 805.
85
Calculate the remainder when 36360 is divided by 105.
30
What is the remainder when 8964 is divided by 14?
4
What is the remainder when 4368 is divided by 4?
0
What is the remainder when 125964 is divided by 26?
20
What is the remainder when 1590048 is divided by 49?
47
What is the remainder when 342322 is divided by 56?
50
Calculate the remainder when 15272 is divided by 134.
130
What is the remainder when 297 is divided by 74?
1
Calculate the remainder when 949857 is divided by 206.
197
What is the remainder when 84247 is divided by 14039?
13
What is the remainder when 3751 is divided by 533?
20
What is the remainder when 259006 is divided by 25900?
6
Calculate the remainder when 13327 is divided by 118.
111
Calculate the remainder when 42086 is divided by 2212.
58
Calculate the remainder when 148218 is divided by 38.
18
What is the remainder when 116563 is divided by 19427?
1
What is the remainder when 424 is divided by 18?
10
What is the remainder when 1594 is divided by 14?
12
What is the remainder when 2948 is divided by 270?
248
Calculate the remainder when 10227 is divided by 535.
62
Calculate the remainder when 1868106 is divided by 44.
42
Calculate the remainder when 12057 is divided by 459.
123
What is the remainder when 510933 is divided by 698?
695
Calculate the remainder when 5357 is divided by 699.
464
What is the remainder when 2098 is divided by 1992?
106
What is the remainder when 983978 is divided by 20?
18
Calculate the remainder when 24021 is divided by 153.
0
Calculate the remainder when 1237 is divided by 1201.
36
Calculate the remainder when 109047 is divided by 344.
343
Calculate the remainder when 17267 is divided by 101.
97
What is the remainder when 3596 is divided by 353?
66
Calculate the remainder when 16933 is divided by 627.
4
Calculate the remainder when 164204 is divided by 311.
307
What is the remainder when 5958 is divided by 298?
296
What is the remainder when 2362 is divided by 131?
4
What is the remainder when 1588 is divided by 302?
78
Calculate the remainder when 30706 is divided by 6116.
126
What is the remainder when 12479 is divided by 75?
29
Calculate the remainder when 2575 is divided by 15.
10
Calculate the remainder when 1442 is divided by 480.
2
Calculate the remainder when 24948 is divided 